(15)?
3
Let d(i) = 4*i**3 - 5*i**2 - 40*i - 50. Determine d(-5).
-475
Let l(z) = z**2 + 4378*z + 48047. What is l(-11)?
10
Let t(o) = 17537*o - 34916161. Determine t(1991).
6
Let c(i) = 499*i + 868. Calculate c(-3).
-629
Let j(g) = -g**3 + 2*g**2 + 327*g + 1607. Determine j(-5).
147
Let r(n) = 7157*n + 57217. Determine r(-8).
-39
Let n(j) = j**2 + 67217*j - 470594. What is n(7)?
-26
Let d(a) = -a**3 - 94*a**2 + 620316*a - 2973. Calculate d(742).
-5
Let b(o) = o**3 - 23*o**2 - 173*o + 4262. Determine b(20).
-398
Let p(r) = -2*r**3 + 32*r**2 + 676*r - 11387. Determine p(17).
-473
Let c(u) = 7262*u - 856910. Calculate c(118).
6
Let g(h) = -8701*h - 923. Calculate g(0).
-923
Let w(k) = 166935*k**2 - 1001609*k - 11. What is w(6)?
-5
Let o(v) = -111*v**2 - 14214*v - 752. Determine o(-128).
16
Let k(c) = 1203*c**3 - c**2 + 35*c + 38. Calculate k(-1).
-1201
Let b(k) = k**3 + 21*k**2 - 436*k + 796. Give b(2).
16
Let i(d) = -2906*d**2 + 553*d + 2. Calculate i(-1).
-3457
Let t(s) = 19*s**2 - 385*s - 41. Give t(21).
253
Let v(g) = -329*g + 4546. Determine v(14).
-60
Let v(r) = -861*r + 7049. Give v(9).
-700
Let l(z) = -249*z - 2054. Calculate l(-10).
436
Let c(s) = s**2 - 158*s - 2611. What is c(-17)?
364
Let r(f) = -15*f**2 + 3455*f - 1178. Calculate r(230).
-28
Let u(d) = 1354*d + 12885. Calculate u(-10).
-655
Let r(u) = 73*u**2 - 31119*u + 39943. Determine r(425).
-7
Let k(d) = -d**2 - 334*d - 18876. Give k(-72).
-12
Let y(m) = -1969*m + 1998531. Determine y(1015).
-4
Let v(c) = -2*c**3 + 83*c**2 - 844*c - 7. Determine v(25).
-482
Let c(f) = -62*f**2 + 144*f - 428. What is c(3)?
-554
Let c(q) = -5*q**3 - 78*q**2 + 8*q + 28. Determine c(-6).
-1748
Let m(a) = -4*a**3 - 37*a**2 - 10762*a - 107920. Determine m(-10).
0
Let b(a) = -136*a**2 + 8*a + 10. Calculate b(-1).
-134
Let d(a) = a**3 + 52*a**2 + 149*a + 4937. Give d(-51).
-61
Let v(k) = -11*k**2 + 3234*k - 6469. Determine v(2).
-45
Let q(a) = -a**3 - 24*a**2 + 794*a + 198. Give q(19).
-239
Let b(u) = -28*u**3 - 155*u**2 - 58*u + 23. What is b(-5)?
-62
Let z(o) = -2*o**2 + 28356*o + 795545. Give z(-28).
9
Let q(n) = 1661*n - 91358. Determine q(55).
-3
Let b(h) = -3*h**3 + 17*h**2 + 262*h - 1835. What is b(7)?
-197
Let v(o) = -2580*o + 21831. Calculate v(10).
-3969
Let s(k) = 9*k**3 - 37*k**2 - 5*k + 67. Determine s(4).
31
Let m(g) = 2*g**2 - 572*g - 13063. What is m(309)?
1151
Let j(w) = -w**2 - 664*w + 98549. Give j(125).
-76
Let q(v) = v**3 - 58*v**2 - 1169*v - 41. Calculate q(-16).
-281
Let z(y) = -525*y + 43608. What is z(83)?
33
Let s(h) = 8*h**2 + 4249*h - 52190. Give s(12).
-50
Let c(o) = -2*o**2 - 1694*o + 10260. Calculate c(6).
24
Let u(s) = -3*s**3 - 40*s**2 - 113*s - 144. Calculate u(-10).
-14
Let i(z) = -21*z**2 - 53*z - 4. What is i(-7)?
-662
Let c(u) = -1472583*u - 10308096. What is c(-7)?
-15
Let w(q) = 5*q**3 - 68*q**2 - 404*q + 5248. Calculate w(14).
-16
Let g(s) = 2*s**3 + 204*s**2 + 1690*s + 172368. Calculate g(-102).
-12
Let w(d) = -121*d + 117. Determine w(-11).
1448
Let j(n) = n**3 + 21*n**2 - 107*n - 1882. Determine j(-22).
-12
Let u(v) = 2*v**3 + 333*v**2 + 162*v + 2128. Calculate u(-166).
2792
Let r(l) = 41*l - 3021. Give r(69).
-192
Let m(w) = w**3 - 26*w**2 + 84*w + 118. Calculate m(17).
-1055
Let c(d) = d**3 + 11*d**2 + 18*d - 33. Give c(2).
55
Let c(t) = -2*t**3 + 312*t**2 + 307*t - 95653. Determine c(155).
-18
Let i(h) = 2*h**3 - 35*h**2 - 577*h - 295. Calculate i(-10).
-25
Let u(o) = 4*o**3 - 50*o**2 - 304*o + 254. Give u(-6).
-586
Let k(p) = p**3 + 427*p**2 + 5466*p - 3. Give k(-13).
-1095
Let u(z) = -z**3 - 280*z**2 - 18509*z + 334. Determine u(-173).
-12
Let d(y) = 266*y - 18329. Determine d(69).
25
Let n(k) = -2*k**2 + 31*k - 291. Determine n(16).
-307
Let q(l) = -182*l**2 + 4543*l + 245. What is q(25)?
70
Let m(t) = 3*t**3 + 31*t**2 + 126*t + 792. Calculate m(-9).
-18
Let g(j) = -13*j**2 + 1261*j - 12877. Calculate g(85).
383
Let s(g) = g**2 + 204*g + 5767. Give s(-34).
-13
Let n(w) = -2*w**3 + 72*w**2 + 419*w - 6605. What is n(39)?
610
Let g(a) = 20390*a + 754418. What is g(-37)?
-12
Let r(y) = 850*y + 16658. Determine r(-20).
-342
Let q(c) = 26*c**2 - 4706*c + 35929. Give q(173).
-55
Let s(n) = 8*n**3 - 21*n**2 + 46*n - 13. Calculate s(3).
152
Let l(r) = r**2 - 1220*r + 7259. Calculate l(6).
-25
Let y(p) = -353062*p + 30363339. Calculate y(86).
7
Let g(f) = 2*f**2 - 161*f - 245. Calculate g(82).
1
Let j(a) = -33*a**3 - 28*a**2 - 308*a - 1553. Calculate j(-5).
3412
Let l(b) = b**3 - 288*b**2 + 3250*b - 600373. Calculate l(284).
3
Let c(l) = 3*l**3 - 8*l**2 + 45*l + 96. What is c(7)?
1048
Let u(f) = f**3 - 22*f**2 - 6062*f + 122057. Determine u(20).
17
Let x(i) = i**3 + 186*i**2 - 162*i - 2382. What is x(4)?
10
Let d(a) = -151*a + 6211. Determine d(33).
1228
Let o(q) = q**2 + 353*q - 2328. Calculate o(-364).
1676
Let s(x) = -7*x**2 - 48*x - 102. Calculate s(-18).
-1506
Let o(c) = -2328*c - 561055. Give o(-241).
-7
Let g(j) = 28848*j + 57903. Give g(-2).
207
Let j(z) = 2*z**3 - 458*z**2 + 56*z - 12816. Determine j(229).
8
Let l(x) = x**3 - 63*x**2 + 273*x - 9207. Determine l(61).
4
Let t(s) = 3*s**3 - 98*s**2 - 511*s + 27156. Give t(25).
6
Let d(n) = 26*n**2 + 150*n - 349. Calculate d(-11).
1147
Let t(r) = -18*r**3 + 23*r**2 - 76*r + 3. Determine t(4).
-1085
Let j(b) = -2*b**3 - 72*b**2 + 2551*b - 9612. Calculate j(-59).
5
Let i(p) = 126679*p + 6207281. What is i(-49)?
10
Let x(p) = -11346181*p + 34038541. Calculate x(3).
-2
Let q(h) = h**3 + 39*h**2 + 305*h + 652. Give q(-29).
217
Let d(c) = 10*c**3 - c**2 - 18888*c + 18886. Give d(1).
7
Let t(h) = -10*h**3 + 12*h**2 - 673*h - 2132. Calculate t(-3).
265
Let k(u) = -u**3 + 48*u**2 + 199*u - 51. Determine k(51).
2295
Let f(h) = -371*h + 725. Give f(1).
354
Let w(s) = -6677*s + 79491. Determine w(12).
-633
Let w(u) = 317*u + 43029. What is w(-127)?
2770
Let s(d) = 47944*d + 2780767. Determine s(-58).
15
Let o(x) = -54*x**2 - 2784*x + 6. Give o(-50).
4206
Let q(d) = -20*d**2 + 7213*d - 2321. What is q(360)?
2359
Let j(w) = -1158*w - 9453. Calculate j(-8).
-189
Let a(d) = 4*d**3 + 51*d**2 + 1249*d + 17693. What is a(-14)?
-773
Let g(f) = 616*f**2 - 801*f + 189. Give g(1).
4
Let w(u) = 185146*u + 1295993. Give w(-7).
-29
Let w(t) = -77*t + 4685. Calculate w(55).
450
Let c(t) = 1957*t**2 - 43057*t + 46. What is c(22)?
-20
Let h(i) = -2*i**3 + 12*i**2 + 627*i - 26. What is h(-15)?
19
Let j(y) = -7146*y + 171532. Determine j(24).
28
Let y(d) = -1060221*d + 26505529. What is y(25)?
4
Let h(n) = -5*n**3 - 193*n**2 - 46*n + 2506. What is h(-38)?
-78
Let j(g) = -4*g**3 - 22*g**2 + 226*g + 1613. Determine j(-9).
713
Let f(b) = -2242*b - 20076. Determine f(-9).
102
Let r(p) = -p**3 + 7*p**2 + 167*p + 76. Calculate r(17).
25
Let m(a) = 5976*a - 364540. Calculate m(61).
-4
Let q(r) = 72*r**2 + 2659*r - 177. What is q(-37)?
8
Let j(m) = -3*m**2 + 353*m + 6993. Give j(-18).
-333
Let u(j) = -j**2 + 982*j + 491656. Calculate u(-365).
1
Let g(s) = -2*s**3 + 850*s**2 - 3340*s - 11802. Calculate g(421).
-14
Let h(b) = 2*b**2 + 2178*b + 12986. Determine h(-6).
-10
Let x(g) = g**2 - 198331*g - 1388355. What is x(-7)?
11
Let m(h) = 2*h**3 + 2*h**2 - 274*h + 57. Give m(11).
-53
Let r(p) = 2*p**3 - 34*p**2 - 86*p + 1422. Give r(17).
-40
Let b(v) = v**2 + 316*v - 18835. Give b(51).
-118
Let d(x) = 11*x**3 - 17*x**2 - 35*x - 10. Determine d(-2).
-96
Let z(b) = b**2 + 155*b - 5183. Give z(31).
583
Let g(j) = -j**3 + 515*j**2 - 48222*j + 2302. Determine g(392).
-50
Let j(g) = -298*g**2 - 10699*g + 109. What is j(-36)?
-935
Let u(o) = -o**3 - 3*o**2 + 472*o + 31. What is u(0)?
31
Let m(n) = -16*n**2 + 641*n - 2291. Calculate m(40).
-2251
Let s(b) = -12979*b + 1466692. Calculate s(113).
65
Let l(y) = y**3 - 1028*y**2 - 41609*y + 164. Determine l(-39).
8
Let n(f) = 227*f**2 - 269*f - 4. What is n(3)?
1232
Let q(p) = -p**3 - 38*p**2 - 33*p + 488. Calculate q(-37).
340
Let b(p) = -788921*p + 7889215. Calculate b(10).
5
Let z(a) = -a**3 - 338*a**2 - 2257*a + 443. What is z(-7)?
23
Let h(l) = -326*l - 14433. Determine h(-45).
237
Let z(n) = -n**3 - 13*n**2 + 327*n + 4571. Calculate z(-14).
189
Let s(t) = 593*t + 5307. Give s(-8).
563
Let d(f) = -675*f + 84357. What is d(125)?
-18
Let f(k) = -1292905*k - 9050373. What is f(-7)?
-38
Let z(j) = 122*j**2 +